c**3 - 11*c**2 + 60*c - 16. Let n(s) = 11*q(s) - 2*u(s). Calculate n(v).
-10
Let w(a) = 2*a**3 + 2*a**2 + a - 9. Let q be (30/(-160)*-16)/(1 - 0). Determine w(q).
66
Let t(y) = -4*y - 391 + 781 - 393 + 2*y**2 + 4*y. Give t(-2).
5
Let u(x) be the first derivative of x**4/4 - 28*x**3/3 - x**2/2 + 16*x - 1404. Determine u(28).
-12
Let f(u) = -3*u. Let z be f(4). Let j(g) be the first derivative of -g**4/4 - 13*g**3/3 - 6*g**2 - 2*g - 12788. Calculate j(z).
-2
Let l(u) = u**3 + 4*u**2 + 6. Let j(f) = -3*f**3 - 12*f**2 - 17. Let w(b) = 6*j(b) + 17*l(b). Let c = -264 + 260. Calculate w(c).
0
Suppose 467*u - 103 + 34 = 444*u. Let k(v) = -v**3 + 4*v**2 - 7*v - 4. What is k(u)?
-16
Suppose -4*q + 41 - 1 = 0. Suppose -q = -y + 2*y. Let x(n) = -n**3 - 9*n**2 + 9*n - 3. Let f be x(y). Let l(t) = t**2 - 9*t - 2. Calculate l(f).
-16
Let p(d) = d**2 + 16. Suppose -4*w = -27*w + 46. Suppose -27*j = w*j + 3*j. Determine p(j).
16
Suppose 2*w = -147 + 153. Let i be (195/w)/5*1. Let k(b) = b - b**2 + 10 - 5*b**2 - b**2 - i - b**3. What is k(-7)?
-10
Let q(o) = o**2 + o. Let v be q(-1). Suppose -3*x + 6 = -4*j, -4 = -2*x - j + 3*j. Let u(w) = -40 + x*w + 41 + 3*w - 4*w. What is u(v)?
1
Let b(l) be the second derivative of l**5/24 - l**4/8 - 17*l**3/6 - 7*l. Let v(k) be the second derivative of b(k). Suppose 8*q - 35 = -11. What is v(q)?
12
Let q = 18 - 24. Let c(r) = r**2 + 1. Let g(i) = -7*i**2 - 5*i - 5. Let h be 3/(-5) - 64/(-40). Let j(z) = h*g(z) + 6*c(z). Determine j(q).
-5
Let c(x) = 2*x. Suppose -1019*u - 92 = -1042*u. Determine c(u).
8
Let s(u) = -2 - 9*u - u**2 - 2 + 7. Suppose 2*a = -v + 4, -4*a + 1 = 4*v - 3. Suppose -3*z = -4*x - 45, 0 = 8*x - a*x - 3*z + 54. Calculate s(x).
3
Suppose -5*k + m + 64 = 0, -67*k + 5*m + 56 = -66*k. Let a(r) = r**3 - 11*r**2 + 3*r + 10. Calculate a(k).
43
Suppose 78*z - 128 = 25 + 159. Let u(t) = -t**2 + t + 2. Let l(s) = 3*s**2 - 4*s - 5. Let x(q) = 3*l(q) + 8*u(q). What is x(z)?
1
Let r = 5302 - 5305. Let p(z) = -3*z**3 - 3*z**2 + 4*z + 2. Give p(r).
44
Let c(v) = 12*v - v**2 + 3*v**2 + 12 - 5 + 0*v**2. Let g be (-3630)/(-260) + -14 + (-310)/52. Determine c(g).
7
Let p(u) = -u**3 + 24*u**2 - 10*u + 28. Let k(w) = 2*w**2 + w + 2. Let g(m) = -5*k(m) + p(m). Give g(13).
-8
Suppose -3*d + 28 = -4*f, d = -5*f + 3*d - 28. Let q(p) = p**2 + p + 55. Let y(h) = -4*h**2 - 278. Let w(v) = -5*q(v) - y(v). What is w(f)?
7
Let f(j) = -j**2 - 7*j + 4. Let p(i) = -5*i + 323. Let w be p(15). Let r = w + -254. Give f(r).
10
Let q = -2398 + 2388. Let s(h) = h**2 + 5*h - 22. Give s(q).
28
Let d = 7754 - 7745. Let y(z) = z**2 - 4*z + 2. What is y(d)?
47
Let j(a) = -a**2 - 36*a + 255. Suppose 55*c = 4539 - 4209. Give j(c).
3
Suppose 9 = 7*z - 12. Suppose -g + 4*c + 24 = 0, g + 4*g - z*c - 52 = 0. Let m(y) = 4 + g*y + 15*y - 6 - 21*y. What is m(3)?
4
Let w(k) = -5*k**2 - 2*k. Let q(l) = 9*l**2 + 3*l. Let i(g) = 6*q(g) + 11*w(g). Let d be (((-66)/12)/11)/((-4)/(-1776)). Let p = -226 - d. Calculate i(p).
0
Suppose 118*n - 146*n - 56 = 0. Let r(g) = 8*g**2 - 4*g + 1. Determine r(n).
41
Let y(q) = -q**2 - 3 - 6*q + 9 + 2. Let l be (8/(-40))/((-2)/70)*(13 + -14). Calculate y(l).
1
Let w(h) be the third derivative of -h**5/60 - 7*h**4/24 + 23*h**3/6 + 434*h**2. Calculate w(-9).
5
Let m(a) = 2*a + 16. Let v(i) = i + 15. Let y(l) = -2*m(l) + 3*v(l). Suppose -80*u + 144*u - 83*u + 209 = 0. Determine y(u).
2
Suppose -2*c - 4*a = -28, 0 = -4*c + 246*a - 243*a - 32. Let j(g) be the third derivative of g**5/12 + g**4/8 + g**3/6 - 2*g**2. Give j(c).
15
Let w(b) = b**3 + 8*b**2 - 10*b - 12. Suppose 5*h = -o + 65, -o + 3*h + h = -56. Let v = o + -14. Let l = 37 - v. Give w(l).
-3
Let n(v) = -3*v**2 - 42*v - 55. Let m be 26*-1*2/(-20)*-5. Let o be n(m). Let y(p) = p**2 + 17*p + 11. What is y(o)?
-5
Suppose 2*w = h - 17, -8*w = -7*w + 5. Let q(k) = -10*k + h*k**2 - 1 + 2 - 8*k**2 + 2*k**2. Determine q(9).
-8
Let t(q) = -q + 13. Let l = 74 - 75. Let c(y) = -12*y**3 - 2*y**2 - 6*y - 4. Let m be c(l). What is t(m)?
1
Let o(u) be the second derivative of u**3/3 + 17*u**2 - 2869*u. What is o(-16)?
2
Let h(u) = -26*u + 498. Let p be h(19). Let j(l) = -l + 12. Let i be j(9). Let f(r) = -4*r - r**3 + i*r**2 + 2*r**2 + 0*r**2 - 2*r. Calculate f(p).
-8
Let f be 1*2/((-4)/(-6)). Let k(r) = 0*r**3 + 2*r**3 - f*r**3 - 5*r**2 + 7*r + 8. Let g(z) = z**3 + 68*z**2 - 191*z - 17292. Let a be g(-67). Calculate k(a).
2
Let d(v) = -13*v**2 + 17*v + 5. Let s(a) = -2*a**2 - 1. Let r(o) = -d(o) + 6*s(o). Give r(18).
7
Let u(s) = -16*s + 12. Suppose -170*i + 210*i = 160. What is u(i)?
-52
Let q(w) = w**3 - 17*w**2 - 82*w - 6. Let j be q(21). Let g be (315/6)/(-5) + (-18)/j. Let k(l) = -3*l - 15. Determine k(g).
18
Let l(y) = -y**2 - 10*y - 6. Suppose -61*s = -60*s + 33. Let q = s + 26. Calculate l(q).
15
Let o(q) = -q**3 + 6*q**2 + 2*q - 10. Let x be o(6). Suppose 0*n - x*n - 18 = -4*u, -7 = -2*u + 3*n. Let w(s) = 1 + 0*s + s + 5 - 5. Calculate w(u).
6
Suppose 8*y = 3*y - 4*a - 1156, -440 = 2*y - 4*a. Let c = y + 236. Let j(f) = f**2 - 9*f + 9. Give j(c).
1
Suppose 92*f = -2*z + 93*f, 2*z + 12 = 4*f. Let g(k) = 2*k**3 + 2*k**2 - 5*k + 4. Determine g(z).
18
Suppose -2 = -3*a + w, 2*a - 172*w = -176*w - 22. Let f be ((-24)/14)/((-2)/7). Let c(p) = f*p**2 - 3*p**3 + 2*p - 3*p - 15*p**3 - 7*p**2. Determine c(a).
18
Let q = -48 - -53. Suppose 3*h - 2*u = 7, -2*h - q*u + 2*u + 22 = 0. Suppose -h*c + 10 = d, -5 - 5 = 2*d. Let f(l) = l**2 - 3*l. What is f(c)?
0
Let g(o) be the third derivative of o**5/60 + 23*o**4/24 + 17*o**3/2 + 127*o**2 - o. Give g(-21).
9
Let a(t) = 435*t - 2600. Let u be a(6). Let o(c) = -c**2 + 9*c + 2. Determine o(u).
-8
Let y(r) be the third derivative of r**6/120 + r**5/15 + r**4/12 - r**3/2 + 1005*r**2. Suppose j = -j - 10. Calculate y(j).
-38
Let a be 3092/(-16) - (-4)/16. Let o = -199 - a. Let d(g) = g**3 + 6*g**2 - 2*g - 7. What is d(o)?
5
Let u(k) = k**2 - k - 7. Let s be ((2 - -4)/(-18))/(1/9). Let h be u(s). Suppose -7*v + h = -2. Let b(t) = -t**2 + t - 1. Calculate b(v).
-1
Let o(d) = 10*d - 89. Let v be o(9). Let j(c) = -31*c + 27. Let p be j(v). Let t(a) = -3*a - 4. What is t(p)?
8
Let t be 128/26 + 7452/(-299) + 25. Let m(o) be the second derivative of 0 + 1/12*o**4 + 11/20*o**t - 36*o - 1/2*o**2 + 1/6*o**3. Give m(1).
12
Let m(n) = 476 - 947 + 475 + n. Let s(l) = 1. Let z(w) = -m(w) + 4*s(w). What is z(6)?
-6
Let v(i) = -i + 8. Let w be v(-3). Suppose w*s - 28 = 4*s. Let j(f) = 59*f**2 + s - f - 4*f - 60*f**2. What is j(-5)?
4
Let j be 1 - ((-135)/9 + 20). Let o(x) = -2*x**2 + 3*x + 41. What is o(j)?
-3
Suppose -k - 2*k + 3*h + 24 = 0, 2*h = -8. Let r(y) be the third derivative of 0*y + 1/20*y**5 + 1/6*y**4 + 0 - 18*y**2 - 1/6*y**3 - 1/120*y**6. Calculate r(k).
-1
Let w(m) = 27*m - 1. Let d(n) = -n + n - n - 8*n + 6*n. Let g(h) = 5*d(h) + w(h). Determine g(3).
35
Suppose -381 = -151*g - 46*g + 210. Let m(t) = -2*t**3 + 5*t**2 - 5*t - 5. Give m(g).
-29
Let b(x) = -x**2 + 51*x - 8. Suppose 2*i = -5*n + 271, -3413*n + 3415*n = i + 94. What is b(n)?
-8
Suppose 0 = 2175*s - 2206*s. Let z(x) = -x**3 + x + 52. Give z(s).
52
Suppose -h - 2*z = -11, 0 = -4*h - 5*z + 35 + 9. Let a be (-336)/(-64)*16/3. Let i(y) = 15 + h + y - a. Determine i(-5).
-7
Let x(a) = 6*a - 10*a**2 - a**2 - 9 + 2*a**2 + 5*a + a**3. Let q(d) = 2*d**2 - 132*d - 2233. Let h be q(-14). Give x(h).
-30
Let t(z) be the third derivative of z**5/60 + 5*z**4/12 - 49*z**3 + 6883*z**2. Determine t(13).
5
Let q(s) = 9*s**3 - 46*s**2 - s + 25. Suppose -2*u = -5*o - 15, -u + 75 = -o + 69. What is q(u)?
-5
Let r(x) = -21*x - 12. Let g(u) = -22*u + 373. Let n be g(17). Give r(n).
9
Suppose -14*b + 2*b = -56*b. Let d = 17 + -15. Let n(l) = 0 + d + l**2 + 3 + l**3 + 0 + l. Calculate n(b).
5
Suppose 21*j = -13980 + 14106. Let k(g) = g + 1. What is k(j)?
7
Let l(z) = -2*z**2 + 44*z - 86. Let v be l(2). Let r be v*1/(-2) + -6 - -3. Let j(p) = -p + 6. Give j(r).
6
Let h(b) = -b**3 + 7*b**2 + 59*b + 21. Let x be h(12). Let r(o) = 2*o**2 - 12*o - 3. Calculate r(x).
51
Let a(b) = 9*b**3 - 273*b**2 - 180*b - 79. Let t(x) = -3*x**3 + 91*x**2 + 60*x + 25. Let z(h) = -8*a(h) - 23*t(h). What is z(31)?
-5
Let a be (15/(-105))/(3/(-24 + 3)). Let v(z) = 3*z + 0 + 1 - 2. What is v(a)?
2
Let o(m) be the first derivative 